
3
Suppose -2*d - 34 = -3*h - 3*d, -h + 2*d + 9 = 0. Suppose 51 - h = t. Calculate the greatest common factor of t and 20.
20
Let f be 0 - (-2 + 14)*-1. Let q be 12 - -4 - 2 - -4. What is the greatest common divisor of q and f?
6
Let f = 16 - -8. What is the highest common divisor of 264 and f?
24
Suppose 393 = 2*w + 2*t - 261, -3*w + 5*t = -1005. What is the highest common factor of w and 30?
30
Suppose -2*o + 3*o - 41 = 0. Suppose -4*r = 3*g + o - 147, 3*r = 3*g - 141. Suppose g = 2*n + n. What is the highest common divisor of n and 56?
14
Let w(f) = 34*f**2 - 4*f + 2. Let s = -1 + 3. Let m be w(s). What is the highest common factor of 13 and m?
13
Let x be (0 - (2 - 0)) + -1. Let q be ((-4)/3)/(1/x). What is the greatest common divisor of 4 and q?
4
Let p = 11 + -9. Suppose -3*a + 47 = -0*a + 2*k, -5*a + 81 = p*k. Calculate the highest common divisor of 34 and a.
17
Let v(s) be the third derivative of 0*s - 5/6*s**3 + 0 + 37/24*s**4 - 2*s**2. Let j be v(4). Calculate the greatest common divisor of 13 and j.
13
Let p be 4/10 - 116/(-10). What is the greatest common divisor of 18 and p?
6
Let c = 17 - -5. Let q be 0/2 + 2/1. Calculate the greatest common divisor of q and c.
2
Let j be (-7)/(-4) + (-3)/(-12). Let p be 12*(j - 1 - 2). Let h be p/(1 - (-11)/(-8)). What is the highest common factor of 16 and h?
16
Let g(x) = 15*x**2 + x. Let q be g(-3). Suppose q = 6*c - 3*c. Let t be (-5 - 0)/((-2)/c). Calculate the highest common factor of t and 10.
10
Let o(s) = -s**2 + 5*s - 3. Let a be o(3). Suppose 3*y - 15 = 2*y + a*v, -3*y - 3 = 3*v. What is the greatest common divisor of y and 3?
3
Let h(u) = 9*u**3 - u**2 + 3*u - 1. Let g be h(1). Calculate the highest common factor of g and 5.
5
Suppose 39*k - 45*k = -12. Let z(g) = -g**3 - 7*g**2 - 7*g - 1. Let s be z(-6). Calculate the greatest common divisor of k and s.
1
Suppose 0 = 2*g + 3*g - 435. Suppose -3*n + g = -3*s, 0 = -2*n + 4*s + 8 + 60. Let m be (-1)/2 + 674/4. Calculate the highest common factor of n and m.
24
Let d(a) = a**2 - a + 6. Suppose 2*x = -4*s + 6, 0 = -4*x + 2*x - 2. Let v be s*-3 + (0 - -1). Let i be d(v). What is the highest common divisor of 12 and i?
12
Let b be ((-21)/6)/(2/(-44)). Calculate the greatest common divisor of b and 7.
7
Suppose -7 = 6*m - 5*m. Let x = m + 21. What is the greatest common divisor of 35 and x?
7
Suppose 5*b + 225 = 4*o, 0*b + 2*b = -5*o + 273. Let g = 102 - 52. Let u = g + -39. What is the highest common divisor of o and u?
11
Suppose 2*k + 0 - 20 = 0. Let t be (-6)/8 - 247/(-52). What is the greatest common factor of k and t?
2
Suppose -3*q + 8*q + 3*p - 231 = 0, -4*p = 12. Calculate the greatest common divisor of q and 12.
12
Suppose -4*f + 60 = -o + 6*o, 5*f - 34 = 4*o. Let y = 37 + -27. Calculate the highest common divisor of y and f.
10
Suppose 0 = -4*h + y - 6*y + 17, -2*h - 2*y = -8. Suppose 3*w + i = 2, -3*i - 8 = -i. Suppose -3*q - w = -8. Calculate the greatest common divisor of h and q.
1
Let v = 7 - 2. Suppose 4 = -u, 20 = v*p - 2*u - 23. What is the highest common divisor of 49 and p?
7
Let m = 68 + -46. What is the highest common divisor of 33 and m?
11
Let w be 9/12*(-4 + 0). Let q be 848/12 - (-2)/w. Calculate the greatest common factor of q and 28.
14
Let b be (3/(-2))/(6/(-80)). Suppose 57 = 2*x - 43. Calculate the greatest common divisor of b and x.
10
Let h(i) = i**2 + i - 16. Let t be h(0). Let m = 40 + t. What is the greatest common divisor of m and 6?
6
Let y(n) = -2*n**3 - 16*n**2 - 4*n - 14. Let z be y(-8). Calculate the highest common factor of z and 6.
6
Let q be ((-1 - -1)*1)/1. Let p = q - -1. What is the greatest common divisor of p and 2?
1
Suppose 3 + 3 = y. Let d(q) = 2*q**2 - 1. Let t(k) = k**2 - k - 2. Let x(c) = 4*d(c) - 5*t(c). Let o be x(y). Calculate the highest common factor of 18 and o.
18
Let q be (-2)/(-9) - (-790)/9. Suppose 0*r - s - 5 = -r, 3*r - 3 = -s. Let w be 21/r - 1/(-2). Calculate the highest common divisor of q and w.
11
Let b = 104 - 20. What is the greatest common factor of b and 12?
12
Suppose 8*r + 832 = 6*r. Let s = -273 - r. What is the highest common divisor of s and 13?
13
Suppose -s + 161 = 62. Calculate the greatest common divisor of s and 11.
11
Suppose 0 = t - 4*p + 15, -4*t + 2*t = 5*p - 35. Suppose n = -0*n - t. Let m(u) = -3*u + 6. Let b be m(n). Calculate the greatest common factor of b and 3.
3
Let l = 100 - 70. Calculate the highest common divisor of l and 20.
10
Let g be ((-4)/(-8) - 1)/((-2)/348). What is the greatest common divisor of g and 58?
29
Let b = -73 - -121. Let n be -2 - -3 - (0 + 0). Let j = n + 11. What is the highest common divisor of b and j?
12
Suppose -j + 7 + 1 = 0. What is the greatest common divisor of j and 20?
4
Suppose -2*q - 5*a = -32 + 1, 0 = -2*q + 5*a + 1. Let h be (-8)/24 - 338/(-6). What is the highest common factor of q and h?
8
Let q(h) = -8 - 6*h + 13*h**2 - 5*h - 4*h**3 - h**3 + 4*h**3. Let d be q(12). Suppose 4*k - 116 = -d. What is the greatest common factor of 42 and k?
14
Suppose -4*w - g + 28 = -3*w, -4*w - 5*g + 110 = 0. Suppose -15 = -3*f + 90. Let o = 110 - f. What is the highest common factor of w and o?
15
Suppose -3*m = -0*m - 18. Calculate the highest common factor of 48 and m.
6
Suppose -4*g + 3*g + 40 = 0. Suppose 7 = -4*p - 9, 2*t + 4*p = g. Calculate the highest common factor of 4 and t.
4
Suppose -22*c + 165 = -17*c. Calculate the greatest common divisor of c and 297.
33
Let k = 396 + -205. Let z be (k - 3) + 8/(-2). What is the highest common divisor of z and 23?
23
Suppose 92 = 3*g + 14. What is the highest common factor of g and 78?
26
Let n(g) = 66*g**3 - 4*g + 2. Let f be n(1). What is the highest common divisor of 4 and f?
4
Suppose -9*d - 74 = -3*c - 10*d, 2*c + 5*d = 58. Let a = -10 - -16. Calculate the greatest common divisor of a and c.
6
Let p(t) = 7*t**2 - 2*t - 5. Let c be 1/2 + (-5)/2. Let f be c/((-1)/4*-2). Let x be p(f). What is the highest common factor of 23 and x?
23
Suppose i = -3*i. Suppose i = 2*g + 2*g - 20. Suppose 0*l - 6 = 3*l + g*j, -3*l - 3*j = 0. Calculate the greatest common divisor of 1 and l.
1
Let t = -18 + 42. Calculate the greatest common divisor of t and 192.
24
Let i(m) = -m**2 + 7. Let t be i(-5). Let q be 78/(-4)*24/t. What is the greatest common factor of q and 182?
26
Let n = 3 - -9. What is the greatest common factor of n and 12?
12
Suppose -45 = l - 4*l. What is the greatest common factor of 5 and l?
5
Let m(w) = -w**2 + 20*w + 61. Let u be m(19). Calculate the greatest common factor of 32 and u.
16
Let t be (-28 - -42) + (3*1)/1. What is the greatest common divisor of t and 119?
17
Suppose 2*f = -4*q - 3 - 3, 5*f - 5*q = -15. Let x = f - -5. Let i be 10/(x + 21/(-12)). Calculate the highest common factor of 5 and i.
5
Suppose 0*j = 4*j - 100. Suppose 5*c - j = -0*c. Suppose -166 = -3*m - 31. What is the highest common factor of c and m?
5
Let x be 1848/20*(-30)/(-9). Calculate the highest common factor of x and 28.
28
Suppose 3*k + 122 = 5*c - 201, -2*c + 129 = -k. Let l(y) = -y**2 - 8*y. Let q be l(-4). What is the highest common divisor of c and q?
16
Let u = 6 - 11. Let m be ((-5)/2)/(u/80). Calculate the greatest common divisor of m and 16.
8
Suppose 25*z - 12 = 24*z. What is the highest common divisor of z and 3?
3
Let m(a) = a**2 + 3*a - 7. Let u = 11 - 16. Let t be m(u). Suppose -3*c = -t - 9. What is the highest common divisor of 28 and c?
4
Let o = 27 - 7. What is the highest common factor of o and 4?
4
Let i = 32 - 113. Let a = 145 + i. Calculate the highest common factor of 16 and a.
16
Suppose 87 = 4*t + 5*u, 0*t - 3*t + 4*u = -42. Suppose -6*i + 2*i - 728 = 0. Let m = 272 + i. What is the greatest common divisor of m and t?
18
Suppose 5*b = -2*h + 1, 3*h + 9 = -3*b + 24. Let g = h + 16. What is the highest common divisor of g and 8?
8
Let o be (-3 + 3/1)*-1. Suppose 2*a + 0*a - 24 = o. Suppose -4*r + a = 0, -3*x + 15 = 3*r - 9. Calculate the highest common divisor of x and 2.
1
Let a be (1/3)/(9/513). Suppose -1 = 3*l - a. Calculate the greatest common divisor of 54 and l.
6
Let d be (6/12)/((-2)/4). Let k be -2 + (68 - d - -3). Calculate the greatest common divisor of k and 28.
14
Let y be (-41)/(-3) - (56/12 - 5). What is the greatest common factor of 14 and